342 = f. List the prime factors of c.
3, 19
What are the prime factors of 4272 + -3 + (-2 + 3)*-1?
2, 11, 97
Let h(i) = 16*i**2 - 47*i - 468. What are the prime factors of h(-27)?
3, 5, 277
Let p(o) be the third derivative of -37*o**4/12 - 49*o**3/6 + 6*o**2 + o. List the prime factors of p(-4).
13, 19
Let k(n) = 0*n - 16*n - 12*n - 4*n. Suppose 3*y = -2*v - 3*v - 16, -2*y + 2*v = 0. List the prime factors of k(y).
2
Suppose 0 = -4*y - 3*n + 1302 + 982, -5*y - 2*n = -2848. List the prime factors of (y - (-4 + 2))*1.
2, 3, 5, 19
Suppose -577448 = -31*k - 85*k. List the prime factors of k.
2, 19, 131
Suppose 114756 = 3*l + 33126. What are the prime factors of l?
2, 3, 5, 907
Let q = 73 - 69. Suppose -q*y = -3*y. What are the prime factors of 1*75 + (4 - 2) - y?
7, 11
List the prime factors of -10 - (-61272)/(-2 + 14).
2, 7, 13
Let u(h) be the third derivative of -h**6/60 - 2*h**5/15 - h**4/4 - 29*h**3/6 + 206*h**2. List the prime factors of u(-7).
307
Let o be 14044/16 - 3/(-12). Suppose 2*q + c = o, c + 2182 = 5*q - 3*c. Suppose 4*r - q = -a, 2*a - 162 - 274 = -4*r. What are the prime factors of r?
2, 5, 11
Let w(t) = t**3 + 6*t + 11*t**2 - 13*t + 5 + 22. What are the prime factors of w(-9)?
2, 3, 7
Let c = -10 - -33. Let o = c - 20. List the prime factors of (-154)/(o/(-6) + (-3)/6).
2, 7, 11
List the prime factors of 1*(461454/(-189))/((-2)/9).
10987
Suppose -31*j + 22*j - 9 = 0. List the prime factors of (-22 + 307)*j/((-2)/4).
2, 3, 5, 19
Let j(d) = -10*d**3 + 8*d**2 + 21*d - 119. List the prime factors of j(-10).
37, 283
Suppose 3 = -5*j - 87. Let w(t) = 114*t - 6. Let d be w(1). Let s = d - j. What are the prime factors of s?
2, 3, 7
Suppose 2*w = 6*g - g + 37, 3*g - 35 = -4*w. Let b be (w - 13)/((-1)/2). List the prime factors of (-1857)/(-21) + b/7.
89
Let o(f) = 140*f**2 + 108*f - 44. List the prime factors of o(16).
2, 3, 53, 59
Let t be -6 - (4/14 - 1550478/21). What are the prime factors of 8/92 + t/46?
3, 5, 107
Suppose 0 = 5*k + 4*o + 46, 14 = k - 3*o - 2*o. Let f be (-5768)/42*k/4. Let g = f + -98. What are the prime factors of g?
2, 3
Suppose 10*t = 5*r + 11*t - 94428, -75549 = -4*r - 3*t. What are the prime factors of r?
3, 5, 1259
Let s = -200 - -107. Let j = -141 - s. List the prime factors of 32/j + 3/(-9)*-110.
2, 3
Let m(b) = b**2 + 4. Let v be m(0). Let d be (-18)/54 - (50225/(-15))/(-5). List the prime factors of (-2)/v - d/4.
167
Suppose -602*s = -110*s - 5359163 - 11743249. List the prime factors of s.
3, 11587
Let p(b) = b**2 + 33*b - 78. Let v be p(-36). What are the prime factors of 25/v - (-11282)/12?
941
What are the prime factors of (1075/3)/((-7)/(-147))?
5, 7, 43
Let q(t) = t**2 + t - 6. Let x be q(-5). Suppose x*a - 10*a - 164 = 0. Suppose -a = 3*b - 257. List the prime factors of b.
2, 3
Let j(v) = -v**3 - 2*v**2 + v - 9. Suppose -m = -18 - 17. Suppose -d = -6*d + 5*f - m, 0 = -5*f + 15. What are the prime factors of j(d)?
19
Let i(c) = c**3 - 10*c**2 + 2*c - 14. Suppose 40 = 7*x - 3*x. Let k be i(x). Suppose -14*a + 88 = -k*a. List the prime factors of a.
11
Let r = -174 - -121. Let a = 0 - r. Suppose -3*k = 3*c - 159, -k + 2*k = -2*c + a. List the prime factors of k.
53
Suppose 2*x - 5*d = 62559 - 18552, -2*x + 44028 = -2*d. List the prime factors of x.
19, 61
Let i = 2217 + -479. Let h = i - 821. Suppose h = 5*s + 47. What are the prime factors of s?
2, 3, 29
Let m be (-456)/38 - (-17)/1. Let f be (-312)/((-10)/4 + 1). Suppose -m*y + y = -f. List the prime factors of y.
2, 13
Suppose -3*o - 129 - 21 = 0. Let c = 53 + o. Suppose 0 = 3*s + c, s = -2*i + 2*s + 221. What are the prime factors of i?
2, 5, 11
Let b(j) = 7*j - 129. Let g be b(19). Suppose -g*l + 10*l = 2142. List the prime factors of l.
3, 7, 17
Let c = -430 - -16. Let h = c + 462. What are the prime factors of h?
2, 3
Suppose 1836 = 12*d - 3204. Let i = 775 - d. List the prime factors of i.
5, 71
Let y be 4/24 + (50/(-12) - -4). Suppose y = b + 27 - 170. List the prime factors of b.
11, 13
Suppose 173*c - 8 = 171*c. Suppose -c*q - 20 = 0, 5*w - 16*q = -19*q + 510. List the prime factors of w.
3, 5, 7
Suppose 75*i - 52816 = 74*i - w, -20 = 4*w. What are the prime factors of i?
3, 5869
Let d = 57620 + -26626. What are the prime factors of d?
2, 15497
Let l be 2*1 + (-15)/3. Let a be (12/15 - 21/(-5)) + 32. What are the prime factors of (-9)/(l + 0) + a?
2, 5
List the prime factors of (35/(-35))/((-3)/73722).
2, 11, 1117
Let o = 436 - 441. List the prime factors of o + (-24)/(-8) - (1 + -1056).
3, 13
Let k(x) = 7*x**2 + 3*x. Let y be k(5). Suppose 5*j - 180 - y = 0. Suppose j = 5*n + 19. List the prime factors of n.
11
Let r = -14103 + 20003. What are the prime factors of r?
2, 5, 59
Let d(f) = f**2 + 2*f - 4. Let j be d(2). Suppose 5*v - c - c = 48, -5*v + 56 = -j*c. Suppose 0 = -4*k + v*k - 240. What are the prime factors of k?
2, 3, 5
List the prime factors of 11 - (340815/(-12) + (-155)/(-124)).
28411
Suppose 0 = -8*x - 23*x + 62899. What are the prime factors of x?
2029
Let l = 35009 + -24680. What are the prime factors of l?
3, 11, 313
Suppose 19*q - 4298 = 5*q. List the prime factors of q - ((-1)/(-1) - -3).
3, 101
Suppose 12*a = 7*a + 55. Let d be (a/22)/(2/336). Suppose d = 4*h - 3*f - 93, -28 = -h + 4*f. List the prime factors of h.
2, 3
Let g(d) = 5038*d - 5526. List the prime factors of g(5).
2, 1229
Let j = 23 - 24. Let t = 16 + -18. What are the prime factors of (-630)/(-10) - t/j?
61
Suppose 819 = 9*v - 2961. Suppose 318*f = 313*f + v. What are the prime factors of f?
2, 3, 7
Suppose -3*t + 6 = 4*i - 25, -3*i - 8 = -4*t. Suppose -2*j + 0 = i*f + 6, 15 = -5*f + 5*j. List the prime factors of f - (12/30 - 3201/15).
211
Suppose -1168*h = -1140*h - 38304. What are the prime factors of h?
2, 3, 19
Let h be 8/2 + 4*(-14)/14. Suppose 0 = -3*o - 4*i + 6*i + 434, o + i - 153 = h. List the prime factors of o.
2, 37
Let c = 138 + -133. List the prime factors of c + 954/2 + 0.
2, 241
Suppose -2*p + 2486 + 1978 = 0. Suppose 24*u - p = 6*u. List the prime factors of u.
2, 31
List the prime factors of -12162*(-1602)/864 + (-6)/16.
2, 5, 11, 41
Let w be (-4 - 153*-1) + 9 + -3. Let d(p) = -65*p - 6. Let r be d(-4). Let z = r - w. List the prime factors of z.
3, 11
Let w be 4/6 + 11458/102. Suppose m - 36 - w = 0. What are the prime factors of m?
149
Suppose -3*u - 4*v - 193 = 0, 0*u - 3*u - 3*v = 192. Let f be (-3 - u) + (-8)/(-4). Let z = 145 - f. What are the prime factors of z?
83
Let b = 60 - 48. Suppose 945 = -b*i + 17*i. Suppose -9*s = -0*s - i. List the prime factors of s.
3, 7
Suppose -23*y = 50809 - 328419. List the prime factors of y.
2, 5, 17, 71
Let r(j) = 0 - 10*j**2 - 2 + j + 3 + 1005*j**2. Let l be r(-1). List the prime factors of (-3)/(-12) - l/(-20).
2, 5
Let t = -7381 - -16583. List the prime factors of t.
2, 43, 107
Let t = 46454 + 16285. What are the prime factors of t?
3, 6971
Suppose 2*u + 4 = -3*s - 5, 22 = -5*s - u. Let x(f) = 4*f**2 + 4*f + 42. What are the prime factors of x(s)?
2, 61
Suppose 0 = 5*r + 20, 62*r - 29434 = -3*s + 57*r. List the prime factors of s.
2, 4909
Let i(f) = -5*f + 29. Suppose 2*c + 10 + 6 = 0. Let y be (2/(-5))/(c/(-280)). List the prime factors of i(y).
3, 11
List the prime factors of 1804/10*8100/180.
2, 3, 11, 41
Suppose 3*n - 6*n - 4*r + 21325 = 0, 0 = 2*n - r - 14213. What are the prime factors of n?
3, 23, 103
What are the prime factors of 107 + -99 - (3 + 320)*-216?
2, 7, 89
What are the prime factors of (689391/405)/(3/15)?
3, 2837
Suppose 0 = 4*l - 13 + 49. Let m(a) = a**2 + 3*a + 34. What are the prime factors of m(l)?
2, 11
Let n(c) = c**3 + 13*c**2 + c + 14. Let k be n(-13). Let u be 94/((0 + k)*2/4). Let y = 330 - u. List the prime factors of y.
2, 71
Suppose 4*x + 6 - 2 = -k, -5*x = -2*k + 18. Suppose 0 = -i - k*v + 357, -1025 = -5*i - v + 836. List the prime factors of i.
373
Let u be (-323)/(-1) - 9/(-3). Let y be (-4 + -210)*(-1)/1. Let b = u - y. What are the prime factors of b?
2, 7
Let f(o) = o**3 + 10*o**2 + 20*o - 4. Let r be f(-7). List the prime factors of 32 + (r - 3 - 0) + 3.
5, 7
Suppose 23*f + 14465 = 100048. Suppose 7*x = f + 633. List the prime factors of x.
2, 311
Suppose 51*u - 45*u = 12. Suppose -2*b + 551 = u*f - 3*b, -3 = b. What are the prime factors of f?
2, 1